base 15) to base 7
-33141400
Convert 163bd5 (base 15) to base 3.
2000122220002
What is 9179ab (base 12) in base 14?
4328a7
-1969922 (base 11) to base 6
-155111234
-1a8286 (base 13) to base 11
-4210a0
What is 717685 (base 9) in base 3?
210121202212
Convert 11001101001000001 (base 2) to base 11.
719a8
Convert -9199 (base 15) to base 3.
-1120011200
Convert -11111100101110111101 (base 2) to base 4.
-3330232331
Convert -1550080 (base 10) to base 14.
-2c4c80
-212021101011102 (base 3) to base 12
-4185725
-229661 (base 11) to base 13
-c99a0
What is -214625534 (base 7) in base 12?
-43b7522
-3d699 (base 14) to base 7
-1202552
Convert 2001120022 (base 3) to base 7.
226046
Convert 3023230320 (base 4) to base 3.
1120101112020
46b40e (base 15) to base 13
9141a4
What is 94282 (base 12) in base 8?
572602
Convert -16646211 (base 7) to base 4.
-12100320333
-101010001110101101 (base 2) to base 16
-2a3ad
Convert -300121022 (base 4) to base 7.
-1453616
What is af61dc (base 16) in base 13?
24c57c6
2155055 (base 7) to base 13
94022
Convert -1c15c9 (base 14) to base 8.
-3646335
What is bc6362 (base 15) in base 9?
17808442
What is 11033330110 (base 4) in base 16?
14ff14
2121040 (base 8) to base 4
2022020200
-529609a (base 11) to base 16
-8e355b
-111200112000 (base 3) to base 4
-1001301003
1430662 (base 8) to base 2
1100011000110110010
What is -17570160 (base 9) in base 8?
-41572113
-4a14165 (base 12) to base 8
-67122335
What is -33210210310 (base 4) in base 11?
-2338934
What is -1255514 (base 6) in base 13?
-25ac5
Convert -1203023 (base 4) to base 6.
-45215
What is 5755831 (base 9) in base 4?
23312231122
Convert 10110000100101011 (base 2) to base 7.
524406
Convert -642357 (base 9) to base 7.
-3151360
What is -604340 (base 11) in base 12?
-3aa631
What is -1000112012022 (base 3) in base 9?
-1015168
What is 3202332031 (base 4) in base 14?
1a2b37
b57a8b (base 15) to base 13
1a33159
What is 31301113 (base 4) in base 7?
323311
Convert 3801d4 (base 14) to base 10.
1921182
Convert 23230301121 (base 4) to base 16.
2ecc59
-5265265 (base 9) to base 2
-1010110000000111100111
65630530 (base 8) to base 13
2bca1c4
271f2 (base 16) to base 8
470762
Convert 2100132122 (base 4) to base 7.
5013164
1418a (base 15) to base 2
1111101111100000
Convert -1141223010 (base 5) to base 9.
-5033835
-24202334 (base 5) to base 9
-373102
26327 (base 9) to base 16
4564
What is 100011010111011000000001 (base 2) in base 14?
13347cd
-62014145 (base 8) to base 7
-216314422
What is -270089 (base 16) in base 11?
-1496434
What is 1554505 (base 7) in base 9?
357314
What is 3460b (base 15) in base 9?
273642
What is -1842145 (base 9) in base 11?
-645110
-246564 (base 8) to base 3
-11100002122
Convert 105144422 (base 6) to base 15.
280dd8
Convert 313050 (base 6) to base 11.
18012
Convert 1011101011000100 (base 2) to base 14.
135d2
43241212 (base 5) to base 10
368307
74aba (base 13) to base 7
1534605
Convert -31250004 (base 6) to base 13.
-25a698
What is 1352430 (base 6) in base 10?
77058
-22d70b (base 14) to base 10
-1189535
Convert -2023520 (base 6) to base 4.
-113213220
Convert -100001110010101 (base 2) to base 5.
-1023201
Convert -211441042 (base 5) to base 3.
-1200020001102
Convert -650412 (base 9) to base 16.
-5e96a
131013332 (base 4) to base 7
1004540
Convert -40b13 (base 13) to base 5.
-12203434
-4ab629 (base 14) to base 6
-131003325
Convert -255600 (base 8) to base 10.
-88960
-1a94a (base 13) to base 7
-304636
Convert -1ccaa21 (base 13) to base 6.
-542450040
-1131000131 (base 4) to base 10
-380957
What is -1022d2 (base 14) in base 12?
-222900
Convert -70214 (base 11) to base 12.
-4b560
1012120012 (base 3) to base 7
126131
What is -538dc (base 15) in base 10?
-265257
-712808 (base 9) to base 4
-1213002002
What is 85359 (base 10) in base 12?
41493
What is -1100110101011010 (base 2) in base 9?
-80101
Convert 31220355 (base 7) to base 9.
4843356
Convert -54676 (base 12) to base 15.
-230b6
What is -137238a (base 11) in base 3?
-11102220202102
Convert -188455 (base 13) to base 4.
-2112321313
Convert -114b45 (base 13) to base 9.
-685155
-11043114 (base 8) to base 7
-26130611
Convert -6735621 (base 8) to base 6.
-102542145
-1d699a (base 14) to base 2
-100000001101101101100
Convert 9f943 (base 16) to base 15.
cda0a
What is 11010110011000111100001 (base 2) in base 8?
32630741
Convert -10343065 (base 7) to base 2.
-11010111111110100100
Convert 102523 (base 9) to base 5.
3422213
Convert 698784 (base 15) to base 14.
952d30
Convert 1078 (base 13) to base 2.
100011111000
What is 2423411043 (base 5) in base 10?
5685148
What is -440310552 (base 6) in base 15?
-a54bce
Convert 1462aaa (base 11) to base 16.
264353
5573761 (base 8) to base 6
52132453
What is -43b80 (base 13) in base 14?
-32a74
What is 11044100 (base 7) in base 8?
3503631
-7b6555 (base 12) to base 4
-13203222101
54318 (base 12) to base 5
12023134
Convert -10010100101001000 (base 2) to base 15.
-17839
-15514035 (base 7) to base 15
-1e94ec
What is 633506 (base 10) in base 11?
3a2a65
-605ca0 (base 16) to base 12
-2146740
44143014 (base 5) to base 16
5d051
76051 (base 9) to base 3
2120001201
-3531024 (base 8) to base 4
-3223020110
What is 60017473 (base 8) in base 10?
12590907
What is 35168 (base 15) in base 6?
3342425
Convert -300a2b (base 12) to base 5.
-142413341
-3327a (base 11) to base 4
-23301311
What is -69463 (base 11) in base 4?
-120200122
What is 1053022 (base 6) in base 12?
27172
-5a1239 (base 11) to base 12
-39b800
What is -5717144 (base 8) in base 3?
-2220122021202
-64452112 (base 7) to base 4
-110330301313
-98415 (base 14) to base 11
-23194a
Convert 280993 (base 12) to base 4.
2202111333
-2501a1 (base 11) to base 5
-100124124
What is -1eb509 (base 15) in base 13?
-409869
35305630 (base 7) to base 10
3111325
Convert -110100001010111001 (base 2) to base 16.
-342b9
-162948a (base 11) to base 13
-7642cb
192a7 (base 15) to base 9
133844
Convert 5495aa (base 11) to base 16.
d5feb
1010101101110010010 (base 2) to base 12
14b242
What is -434641 (base 7) in base 11?
-52216
-220011101100 (base 3) to base 2
-1110100000111000011
5142c (base 14) to base 2
101111110001000000
-32220620 (base 7) to base 13
-751370
What is -3760230 (base 8) in base 5?
-231244121
Convert 46927 (base 12) to base 2.
10111000110101111
Convert 358b2 (base 15) to base 11.
107298
What is 990b4 (base 12) in base 3?
101021112001
What is -1120530 (base 6) in base 16?
-df86
Convert 6938946 (base 10) to base 7.
112660110
Convert -d5a085 (base 14) to base 3.
-111120101010000
Convert -4225362 (base 7) to base 14.
-d42a2
Convert -211443211 (base 5) to base 4.
-3121120333
-10110110110101011 (base 2) to base 4
-112312223
What is 10001111011000011100001 (base 2) in base 13?
c866a7
What is -1085a0 (base 11) in base 13?
-60628
What is -3248a95 (base 12) in base 5?
-4421211222
-112132103 (base 4) to base 16
-16793
What is -1233000203 (base 4) in base 10?
-454691
Convert 12c5509 (base 13) to base 2.
10110100110010001111110
1188851 (base 9) to base 15
cc6a4
Convert 4521351 (base 7) to base 13.
167b4a
43a93 (base 12) to base 10
89679
What is 11011111110100 (base 2) in base 9?
21575
3070553 (base 8) to base 4
3013011223
-110203322 (base 4) to base 13
-2c444
-12cc04 (base 13) to base 15
-90541
-154a24 (base 13) to base 14
-d927c
-2112342 (base 8) to base 2
-10001001010011100010
-4ff99 (base 16) to base 5
-40440302
What is 5523652 (base 7) in base 4?
2211220222
-88bba (base 12) to base 16
-2c4be
Convert 1011101001111100 (base 2) to base 9.
72434
4220133044 (base 5) to base 11
4a40074
Convert 151021 (base 9) to base 16.
169ba
Convert -1322304 (base 7) to base 10.
-173709
100101111011110011 (base 2) to base 8
457363
Convert 323130131 (base 4) to base 15.
4c225
What is -791053 (base 12) in base 5?
-443231424
3440211 (base 5) to base 15
1353b
Convert 1dd314 (base 15) to base 9.
2667521
Convert 212211210111 (base 3) to base 8.
1624517
What is 2343224 (base 5) in base 12?
21264
Convert 29d1cc (base 16) to base 8.
12350714
What is 426236 (base 9) in base 4?
331332333
Convert -45955 (base 13) to base 16.
-1ef64
Convert -111011010100001100100 (base 2) to base 3.
-10122202012010
What is -41123230 (base 6) in base 4?
-10133132202
2243646 (base 7) to base 4
1010111001
Convert -2980b8 (base 16) to base 11.
-1598582
344